{"id":33,"date":"2014-12-09T12:54:53","date_gmt":"2014-12-09T12:54:53","guid":{"rendered":"http:\/\/egervolgyetabor.hu\/egervolgyetabor\/?page_id=33"},"modified":"2023-07-12T15:23:20","modified_gmt":"2023-07-12T15:23:20","slug":"arak","status":"publish","type":"page","link":"http:\/\/egervolgyetabor.hu\/?page_id=33","title":{"rendered":"\u00c1rak"},"content":{"rendered":"<h1 style=\"color: #000000; text-align: center;\"><strong>Kedvez\u0151 \u00e1rakon biztos\u00edtjuk a t\u00e1bori sz\u00e1ll\u00e1shelyeket, nagyobb csoportok sz\u00e1m\u00e1ra kedvezm\u00e9nyt is adunk!<\/strong><\/h1>\n<h3><\/h3>\n<table class=\"CSSTableGenerator\" style=\"border: 2px solid; height: 346px;\" border=\"2\" width=\"547\">\n<tbody>\n<tr>\n<td colspan=\"2\">\n<p style=\"text-align: center;\"><span style=\"color: #000000;\"><strong>\u00c1raink<\/strong><\/span><\/p>\n<\/td>\n<\/tr>\n<tr>\n<td><span style=\"color: #000000;\"><strong>Egy\u00a0\u00e9jszak\u00e1ra<\/strong><\/span><\/td>\n<td><strong>4500\u00a0Ft\/f\u0151\/\u00e9j<\/strong><\/td>\n<\/tr>\n<tr>\n<td><span style=\"color: #000000;\"><strong>2 \u00e9jszak\u00e1t\u00f3l<\/strong><\/span><\/td>\n<td><strong>4000 Ft\/f\u0151\/\u00e9j<\/strong><\/td>\n<\/tr>\n<tr>\n<td><span style=\"color: #000000;\"><b>Csoportoknak 25 f\u0151t\u00f6l<\/b><\/span><\/td>\n<td><strong>3900 Ft\/f\u0151\/\u00e9j<\/strong><\/td>\n<\/tr>\n<tr>\n<td><strong>\u00c1gynem\u0171haszn\u00e1lat<\/strong><\/td>\n<td><strong>550 Ft\/f\u0151<\/strong><\/td>\n<\/tr>\n<tr>\n<td><span style=\"color: #000000;\"><b>S\u00e1torhely<\/b><\/span><\/td>\n<td><span style=\"color: #000000;\"><strong>2000\u00a0Ft\/f\u0151\/\u00e9j<\/strong><\/span><\/td>\n<\/tr>\n<tr>\n<td><strong>Vend\u00e9gjegy (\u00e9jszaka n\u00e9lk\u00fcl):<\/strong><strong>Nappali tart\u00f3zkod\u00e1sra jogos\u00edt<\/strong><\/td>\n<td><span style=\"color: #000000;\"><strong>1500\u00a0Ft\/f\u0151\/nap<\/strong><\/span><\/td>\n<\/tr>\n<\/tbody>\n<\/table>\n<p><strong>\u00a0<\/strong><\/p>\n<table id=\"t\" class=\"CSSTableGenerator\" style=\"border: 2px solid; height: 504px;\" border=\"2\" width=\"544\">\n<tbody>\n<tr>\n<td style=\"text-align: center;\" colspan=\"2\">\n<h2><strong>Egy\u00e9b szolg\u00e1ltat\u00e1sok d\u00edjai<\/strong><\/h2>\n<\/td>\n<\/tr>\n<tr>\n<td><strong>K\u00fcl\u00f6n terem<\/strong><\/td>\n<td><strong>4000 Ft\/\u00f3ra, 20000 Ft\/nap<\/strong><\/td>\n<\/tr>\n<tr>\n<td><strong>T\u0171zrak\u00f3 hely<\/strong><\/td>\n<td><strong>4500 Ft\/nap<\/strong><\/td>\n<\/tr>\n<tr>\n<td><strong>Csocs\u00f3<\/strong><\/td>\n<td><strong><span style=\"color: #000000;\">5000Ft\/nap<\/span><\/strong><\/td>\n<\/tr>\n<tr>\n<td><strong>H\u0171t\u0151szekr\u00e9ny<\/strong><\/td>\n<td><strong>2000 Ft\/nap<\/strong><\/td>\n<\/tr>\n<tr>\n<td><strong><span style=\"color: #000000;\">F\u0171t\u00e9s<\/span><\/strong><\/td>\n<td><strong>3000-8000 Ft\/szoba\/\u00e9j<\/strong><strong>(szobam\u00e9rett\u0151l f\u00fcgg\u0151en)<\/strong><\/td>\n<\/tr>\n<\/tbody>\n<\/table>\n<p>&nbsp;<\/p>\n<p><strong>Konyha haszn\u00e1lat \u00e1ra, megegyez\u00e9s szerint t\u00f6rt\u00e9nik.<\/strong><\/p>\n<p><center><span style=\"color: #000000;\"><strong> 4 \u00e9ves kor alatti gyermekek r\u00e9sz\u00e9re nem kell sz\u00e1ll\u00e1sd\u00edjat fizetni.<\/strong> K\u00e9rj\u00fck a tov\u00e1bbi fizet\u00e9si felt\u00e9telekkel kapcsolatban olvassa el az \u00c1ltal\u00e1nos Szerz\u0151d\u00e9si Felt\u00e9teleket tartalmaz\u00f3 dokumentumot, melyet let\u00f6lthet honlapunkr\u00f3l.<\/span><\/center><\/p>\n<p style=\"text-align: center;\"><a href=\"http:\/\/egervolgyetabor.hu\/wp-content\/uploads\/2014\/12\/altalanos_szerz_felt.pdf\">LET\u00d6LTHET\u0150: .::\u00e1ltal\u00e1nos szerz\u0151d\u00e9si felt\u00e9telek::.<\/a><\/p>\n<h2 style=\"color: #000000;\">\u00c9TKEZ\u00c9S, csak sz\u00e1ll\u00f3vend\u00e9geknek<\/h2>\n<div class=\"text\" style=\"color: #000000;\"><\/div>\n<div class=\"text\" style=\"color: #000000;\">\n<table class=\"CSSTableGenerator\" style=\"border: 2px solid;\" border=\"2\" width=\"500\">\n<tbody>\n<tr>\n<td colspan=\"4\">\n<h2 style=\"color: #000000; text-align: center;\"><strong><span style=\"color: #000000;\">\u00c9TKEZ\u00c9S<\/span><\/strong><\/h2>\n<\/td>\n<\/tr>\n<tr>\n<td><\/td>\n<td><strong>Alap \u00e1r<\/strong><\/td>\n<td><strong>csoportoknak 14 \u00e9v alatt<\/strong><\/td>\n<td><strong>csoportoknak 14 \u00e9v felett<\/strong><\/td>\n<\/tr>\n<tr>\n<td><strong>Reggeli<\/strong><\/td>\n<td><strong>1250 Ft<\/strong><\/td>\n<td><strong>900 Ft<\/strong><\/td>\n<td><strong>1000 Ft<\/strong><\/td>\n<\/tr>\n<tr>\n<td><strong>Eb\u00e9d<\/strong><\/td>\n<td><strong>2450 Ft<\/strong><\/td>\n<td><strong>1950 Ft<\/strong><\/td>\n<td><strong>2300 Ft<\/strong><\/td>\n<\/tr>\n<tr>\n<td><strong>Vacsora<\/strong><\/td>\n<td><strong>1850 Ft<\/strong><\/td>\n<td><strong>1450 Ft<\/strong><\/td>\n<td><strong>1700 Ft<\/strong><\/td>\n<\/tr>\n<tr>\n<td><strong>Teljes ell\u00e1t\u00e1s<\/strong><\/td>\n<td><strong>5550 Ft<\/strong><\/td>\n<td><strong>4300 Ft<\/strong><\/td>\n<td><strong>5000 Ft<\/strong><\/td>\n<\/tr>\n<tr>\n<td><strong>Mentes \u00e9tkez\u00e9s napi fel\u00e1ra<\/strong><\/td>\n<td><strong>600 Ft<\/strong><\/td>\n<td><strong>600 Ft<\/strong><\/td>\n<td><strong>600 Ft<\/strong><\/td>\n<\/tr>\n<\/tbody>\n<\/table>\n<p>&nbsp;<\/p>\n<div><\/div>\n<div><b>Az \u00e1rak t\u00e1j\u00e9koztat\u00f3 jelleg\u0171ek, a v\u00e1ltoz\u00e1s jog\u00e1t fenntartjuk.<\/b><\/div>\n<div><\/div>\n<div><\/div>\n<div>\n<p style=\"text-align: justify;\">A t\u00e1bor az\u00a0<b>Aggteleki Nemzeti Park\u00a0<\/b>ter\u00fclet\u00e9n helyezkedik el, ahol a term\u00e9szetv\u00e9delmi kezel\u00e9s \u00e9rdek\u00e9ben Fajmeg\u0151rz\u00e9si program folyik, melynek c\u00e9lja a hazai-, vagy nemzetk\u00f6zi viszonylatban, k\u00f6zvetve, vagy k\u00f6zvetlen\u00fcl vesz\u00e9lyeztetett vagy lecs\u00f6kkent l\u00e9tsz\u00e1m\u00fa term\u00e9szetes n\u00f6v\u00e9ny- \u00e9s \u00e1llatfajok meg\u0151rz\u00e9se.<b>\u00a0K\u00e9rj\u00fck, pihen\u00e9s\u00fck mellett \u00f3vj\u00e1k meg a vesz\u00e9lyeztetett fajokat.<\/b><\/p>\n<\/div>\n<div>\n<p>A vesz\u00e9lyeztetett fajok list\u00e1j\u00e1t el\u00e9rhetik az Aggteleki Nemzeti Park honlapj\u00e1r\u00f3l:<br \/>\n<a href=\"http:\/\/anp.nemzetipark.gov.hu\/fajmegorzesi-programok\">http:\/\/anp.nemzetipark.gov.hu\/fajmegorzesi-programok<\/a>\u00a0)<\/p>\n<\/div>\n<\/div>\n","protected":false},"excerpt":{"rendered":"<p>Kedvez\u0151 \u00e1rakon biztos\u00edtjuk a t\u00e1bori sz\u00e1ll\u00e1shelyeket, nagyobb csoportok sz\u00e1m\u00e1ra kedvezm\u00e9nyt is adunk! \u00c1raink Egy\u00a0\u00e9jszak\u00e1ra 4500\u00a0Ft\/f\u0151\/\u00e9j 2 \u00e9jszak\u00e1t\u00f3l 4000 Ft\/f\u0151\/\u00e9j Csoportoknak 25 f\u0151t\u00f6l 3900 Ft\/f\u0151\/\u00e9j \u00c1gynem\u0171haszn\u00e1lat 550 Ft\/f\u0151 S\u00e1torhely 2000\u00a0Ft\/f\u0151\/\u00e9j Vend\u00e9gjegy (\u00e9jszaka n\u00e9lk\u00fcl):Nappali tart\u00f3zkod\u00e1sra jogos\u00edt 1500\u00a0Ft\/f\u0151\/nap \u00a0 Egy\u00e9b szolg\u00e1ltat\u00e1sok d\u00edjai K\u00fcl\u00f6n terem 4000 Ft\/\u00f3ra, 20000 Ft\/nap T\u0171zrak\u00f3 hely 4500 Ft\/nap Csocs\u00f3 5000Ft\/nap H\u0171t\u0151szekr\u00e9ny 2000 Ft\/nap F\u0171t\u00e9s [&hellip;]<\/p>\n","protected":false},"author":1,"featured_media":0,"parent":0,"menu_order":0,"comment_status":"closed","ping_status":"closed","template":"","meta":[],"_links":{"self":[{"href":"http:\/\/egervolgyetabor.hu\/index.php?rest_route=\/wp\/v2\/pages\/33"}],"collection":[{"href":"http:\/\/egervolgyetabor.hu\/index.php?rest_route=\/wp\/v2\/pages"}],"about":[{"href":"http:\/\/egervolgyetabor.hu\/index.php?rest_route=\/wp\/v2\/types\/page"}],"author":[{"embeddable":true,"href":"http:\/\/egervolgyetabor.hu\/index.php?rest_route=\/wp\/v2\/users\/1"}],"replies":[{"embeddable":true,"href":"http:\/\/egervolgyetabor.hu\/index.php?rest_route=%2Fwp%2Fv2%2Fcomments&post=33"}],"version-history":[{"count":39,"href":"http:\/\/egervolgyetabor.hu\/index.php?rest_route=\/wp\/v2\/pages\/33\/revisions"}],"predecessor-version":[{"id":204,"href":"http:\/\/egervolgyetabor.hu\/index.php?rest_route=\/wp\/v2\/pages\/33\/revisions\/204"}],"wp:attachment":[{"href":"http:\/\/egervolgyetabor.hu\/index.php?rest_route=%2Fwp%2Fv2%2Fmedia&parent=33"}],"curies":[{"name":"wp","href":"https:\/\/api.w.org\/{rel}","templated":true}]}}