{"id":45,"date":"2014-12-09T13:01:42","date_gmt":"2014-12-09T13:01:42","guid":{"rendered":"http:\/\/egervolgyetabor.hu\/egervolgyetabor\/?page_id=45"},"modified":"2023-07-12T15:24:05","modified_gmt":"2023-07-12T15:24:05","slug":"kapcsolat","status":"publish","type":"page","link":"http:\/\/egervolgyetabor.hu\/?page_id=45","title":{"rendered":"Kapcsolat"},"content":{"rendered":"<h1 style=\"color: #000000;\">KAPCSOLATTART\u00d3<\/h1>\n<div class=\"text\" style=\"color: #000000;\">e-mail:\u00a0<b>egervolgye.szallas@gmail.com<\/b><br \/>\nTelefon: +36-30\/510-96-60<\/div>\n<div class=\"text\" style=\"color: #000000;\">\u00a0\u00a0\u00a0\u00a0\u00a0\u00a0\u00a0\u00a0\u00a0\u00a0\u00a0\u00a0\u00a0\u00a0 +36-30\/510-96-55<\/div>\n<div class=\"text\" style=\"color: #000000;\"><\/div>\n<div class=\"text\" style=\"color: #000000;\">Amennyiben nem tudjuk fogadni h\u00edv\u00e1s\u00e1t\u00a0k\u00e9rj\u00fck k\u00fcldj\u00f6n SMS-t \u00e9s visszah\u00edvjuk!<\/div>\n<h2 style=\"color: #000000; margin-top: 15px; margin-bottom: 15px;\">A T\u00c1BOR C\u00cdME:<\/h2>\n<div class=\"text\" style=\"color: #000000;\">\u00c9gerv\u00f6lgye Nemzetk\u00f6zi Ifj\u00fas\u00e1gi T\u00e1bor<br \/>\n3756 Varb\u00f3c, k\u00fclter\u00fclet 052\/2 hrsz<\/div>\n<h2 style=\"color: #000000; margin-top: 15px; margin-bottom: 15px;\">LEVELEZ\u00c9SI C\u00cdM:<\/h2>\n<div class=\"text\" style=\"color: #000000;\">\u00c9gerv\u00f6lgye Nemzetk\u00f6zi Ifj\u00fas\u00e1gi T\u00e1bor \u00e9s K\u00f6zpont<br \/>\n4024 Debrecen, R\u00e1k\u00f3czi u. 62.\/A<\/div>\n<p>&nbsp;<\/p>\n<h2 class=\"text\" style=\"color: #000000; margin-top: 30px; margin-bottom: 30px;\"><strong><span style=\"color: #000000;\">\u00a0\u00cdrj nek\u00fcnk \u00fczenetet<\/span><\/strong><\/h2>\n<p>[contact-form-7 id=&#8221;343&#8243; title=&#8221;1 kapcsolati \u0171rlap&#8221;]<\/p>\n","protected":false},"excerpt":{"rendered":"<p>KAPCSOLATTART\u00d3 e-mail:\u00a0egervolgye.szallas@gmail.com Telefon: +36-30\/510-96-60 \u00a0\u00a0\u00a0\u00a0\u00a0\u00a0\u00a0\u00a0\u00a0\u00a0\u00a0\u00a0\u00a0\u00a0 +36-30\/510-96-55 Amennyiben nem tudjuk fogadni h\u00edv\u00e1s\u00e1t\u00a0k\u00e9rj\u00fck k\u00fcldj\u00f6n SMS-t \u00e9s visszah\u00edvjuk! A T\u00c1BOR C\u00cdME: \u00c9gerv\u00f6lgye Nemzetk\u00f6zi Ifj\u00fas\u00e1gi T\u00e1bor 3756 Varb\u00f3c, k\u00fclter\u00fclet 052\/2 hrsz LEVELEZ\u00c9SI C\u00cdM: \u00c9gerv\u00f6lgye Nemzetk\u00f6zi Ifj\u00fas\u00e1gi T\u00e1bor \u00e9s K\u00f6zpont 4024 Debrecen, R\u00e1k\u00f3czi u. 62.\/A &nbsp; \u00a0\u00cdrj nek\u00fcnk \u00fczenetet [contact-form-7 id=&#8221;343&#8243; title=&#8221;1 kapcsolati \u0171rlap&#8221;]<\/p>\n","protected":false},"author":1,"featured_media":0,"parent":0,"menu_order":0,"comment_status":"closed","ping_status":"closed","template":"","meta":[],"_links":{"self":[{"href":"http:\/\/egervolgyetabor.hu\/index.php?rest_route=\/wp\/v2\/pages\/45"}],"collection":[{"href":"http:\/\/egervolgyetabor.hu\/index.php?rest_route=\/wp\/v2\/pages"}],"about":[{"href":"http:\/\/egervolgyetabor.hu\/index.php?rest_route=\/wp\/v2\/types\/page"}],"author":[{"embeddable":true,"href":"http:\/\/egervolgyetabor.hu\/index.php?rest_route=\/wp\/v2\/users\/1"}],"replies":[{"embeddable":true,"href":"http:\/\/egervolgyetabor.hu\/index.php?rest_route=%2Fwp%2Fv2%2Fcomments&post=45"}],"version-history":[{"count":11,"href":"http:\/\/egervolgyetabor.hu\/index.php?rest_route=\/wp\/v2\/pages\/45\/revisions"}],"predecessor-version":[{"id":508,"href":"http:\/\/egervolgyetabor.hu\/index.php?rest_route=\/wp\/v2\/pages\/45\/revisions\/508"}],"wp:attachment":[{"href":"http:\/\/egervolgyetabor.hu\/index.php?rest_route=%2Fwp%2Fv2%2Fmedia&parent=45"}],"curies":[{"name":"wp","href":"https:\/\/api.w.org\/{rel}","templated":true}]}}